 1. Suppose -5*n = -5*h - r*n + 66, 0 = -3*h - 4*n + 57. What is the tens digit of h?
1
Suppose 2*q - 5*t = 109, 2*t + 103 = 2*q - t. What is the tens digit of q?
4
Let i = 18 + -29. Let w = i + 29. What is the units digit of w?
8
Suppose 0 = 2*a - 134 - 82. What is the tens digit of a?
0
Suppose 6 - 2 = -4*y - 2*l, -4*y + 3*l = 4. Let q = y + 5. What is the units digit of q?
4
Let l(i) = i**3 - 7*i**2 + 8*i + 7. What is the tens digit of l(7)?
6
Let q(t) = t**3 + 5*t**2 - 2*t - 2. Let w be q(-4). Suppose -k - 4*r = 5, 3*k - 5 = 2*r + w. Suppose -8 = -3*x + k. What is the units digit of x?
5
Let w = -9 - -20. Let s(z) = z**3 - 11*z**2 + 3. What is the units digit of s(w)?
3
Suppose 4*y = y. Let r = 1 + y. What is the units digit of r?
1
Let f(p) = 4*p**2 - 3*p + 4. Let t be f(3). Suppose t = -5*r + 136. Suppose 4*d + 5*l - 26 = 3*d, d = -4*l + r. What is the units digit of d?
1
Let j = -9 + 17. What is the units digit of j?
8
What is the units digit of (-3 + (-9)/(-2))/((-3)/(-4))?
2
Suppose -8*x = -0*x - 704. What is the tens digit of x?
8
Let w = 4 + 0. Suppose w*j - 8*j = -36. What is the units digit of j?
9
Suppose 39 = 3*k - 36. What is the units digit of k?
5
Let f(n) = n**2 + 6*n - 8. Let x be f(-8). Suppose 0 = 3*j + 2*y - 39, j + x*y = 3*y + 26. What is the units digit of j?
1
Let l(z) = 20*z + 10. What is the hundreds digit of l(8)?
1
Suppose 15 = -2*n + 5*v, 4*n + 30 = 6*n + 4*v. Suppose -19 = -2*z - n. Let m(c) = -c + 8. What is the units digit of m(z)?
1
Let k be 1*-2 + 39/3. Suppose -2*s - 2*s - 4*y = -40, y + 20 = 4*s. Suppose 3*r + g = 9, r + 5*g - k = s. What is the units digit of r?
2
What is the units digit of (6 - -10) + 3/1?
9
Let v(p) = -p**2 - p - 3. Let a be v(0). Let o = a - -5. Suppose 5*l - 26 = j, -5*l + o*j + 29 = 2. What is the units digit of l?
5
Let n(c) = c**2 - c - 1. Let k be n(5). Let u = k + -4. What is the units digit of u?
5
Let a = -69 - -136. What is the units digit of a?
7
Let i(u) = -u**2 - 2*u + 371. What is the tens digit of i(0)?
7
Let p = -44 - -62. What is the units digit of p?
8
Let m = -16 - -122. What is the tens digit of m?
0
Let k = -85 + 143. What is the units digit of k?
8
Let a = -11 + 21. What is the tens digit of a?
1
Let j = -14 + 19. Suppose -2*t + 1 = -j*g + 131, -3*g + 77 = -t. What is the units digit of g?
4
Let b(v) = -v**3 - 5*v**2 - 3*v + 6. Let u be b(-5). Let c be 4/(0 + 3/u). Let l = 44 - c. What is the units digit of l?
6
Suppose 141 = -6*o + 9*o. What is the tens digit of o?
4
Let i(g) = 5*g**3 + 5*g**2 - 3*g - 12. Let o(b) = 6*b**3 + 6*b**2 - 4*b - 11. Let j(c) = -5*i(c) + 4*o(c). What is the units digit of j(0)?
6
Let m(h) = 9*h**3 + 2*h**2 + 2*h + 4. Let v(l) = 5*l**3 + l**2 + l + 2. Let f(k) = 4*m(k) - 7*v(k). Let q be f(0). Let j = q - 1. What is the units digit of j?
1
Let k = 19 + -7. What is the tens digit of k?
1
Suppose -5*h = -4*m + 43 - 161, -4*m - 4*h = 100. Let l = -16 - m. What is the units digit of (-2)/l - 402/(-33)?
2
What is the hundreds digit of 229 + (6/(-10))/(1/5)?
2
Let o be 1/(-1) - -6 - 0. Suppose 4 = -c + 4*i, -4*c = -o*i + 2*i + 3. Suppose -2*z + c*z = -26. What is the tens digit of z?
1
Let n be (-1)/(-7) + (-72)/14. What is the units digit of 42/35*n/(-2)?
3
Suppose 18*y - 13*y = 140. What is the units digit of y?
8
Let v(y) = -2*y + 2. Let r be v(2). What is the units digit of r/8 + (-82)/(-8)?
0
What is the units digit of 369/4 + 29/(-116)?
2
Let o(v) = -3*v + 77. What is the tens digit of o(0)?
7
Let q(h) = -h**3 - 7*h**2 - 9*h - 9. Let u be 60/(-9) - 1/3. Let j be q(u). What is the units digit of (12/(-18))/((-4)/j)?
9
Let q = -34 - -47. Let c = 22 - q. What is the units digit of c?
9
Suppose -4*b + 7 = f - 0*f, -3*f = -5*b - 4. Let z be 4/2 - (-3 - -1). Suppose x - z = -f. What is the units digit of x?
1
Let x(r) = 7*r + 56. What is the units digit of x(6)?
8
Suppose 2*m - 23 = m. What is the units digit of m?
3
What is the units digit of -111*9/(18/(-4))?
2
What is the units digit of (-6468)/(-105) - 4/(-10)?
2
Suppose -3*l - 26 - 4 = 0. What is the units digit of (12/l)/(12/(-30))?
3
Let w = -12 + 15. Suppose w*c = -2*c + 175. What is the units digit of c?
5
Suppose 5*h - 8 = 4*h. Let p = 14 - h. What is the units digit of p?
6
Let u(f) be the second derivative of f**3/3 - 3*f**2/2 - 3*f. What is the units digit of u(6)?
9
Let r(x) = 2*x**2 - 10*x + 6. What is the units digit of r(6)?
8
Let l(j) = -j**3 - 2*j**2 + 2*j + 4. What is the tens digit of l(-4)?
2
Suppose -6*w + 60 = -2*w. Suppose -4*q + 3*u + 3 = 0, -q - w = -5*u - 3. Suppose -q*r + 5*f = -38, -f = 6 - 2. What is the units digit of r?
6
Let j(y) be the first derivative of 5*y - 1/4*y**4 + 0*y**2 - 5/3*y**3 - 1. What is the units digit of j(-5)?
5
Let r(w) = w**2 + 2*w - 2. Let g be r(-5). Suppose -g = -5*s + 7. What is the units digit of s?
4
Let o(g) = -g**3 + 6*g**2 - 6*g + 6. Let z be o(4). What is the units digit of (z/(-35))/((-1)/55)?
2
Let h(z) = z**2 - z + 76. What is the units digit of h(0)?
6
Let y(a) = -a**2 - 1. Let h(w) = w**3 + 11*w**2 - 2*w - 2. Let j(f) = h(f) + 5*y(f). Let s = -4 + -2. What is the units digit of j(s)?
5
Suppose -5*n + p - 3*p + 26 = 0, 0 = -2*n - 3*p + 17. Suppose 45 = 5*i + 2*u, -4*u = -5*i + u + 10. Let h = i - n. What is the units digit of h?
3
Let m(u) = -u**3 + 13*u**2 - 12*u + 9. What is the units digit of m(12)?
9
Suppose 5*x = -2 + 22. Let d(h) = -h + 2. Let s be d(x). Let j = s - -5. What is the units digit of j?
3
Let c = 7 + -6. What is the units digit of c/(-1)*(-6)/6?
1
Suppose 3*v - 2*x - 14 = 0, 3*v - 2*v = -4*x. Suppose v = -u - u. What is the units digit of 74/14 + u/7?
5
Suppose -22 = l - 35. What is the units digit of l?
3
Suppose 3*z + 4 = 16. Suppose -i + 7 = -k, z*i = 2*k - 0 + 36. What is the tens digit of i?
1
Let o be (0 - -3) + (49 - -10). Suppose 3*a + 2*j - 65 = -0*j, -j - o = -3*a. What is the units digit of a?
1
Let m = -6 - -4. Let o be m + 0 + -1 + 0. Let l = 2 - o. What is the units digit of l?
5
Suppose -46 = -2*q - x, -2*q - x + 52 = -3*x. What is the tens digit of q?
2
Suppose -9*p = -4*p + 560. What is the units digit of (-26)/(-7) - 32/p?
4
Suppose 2*w = -4*s - 12, 0 = 4*w + s + 3*s + 12. Let t(y) = -y**3 - y + 5. Let a be t(w). Suppose a*p = 4 + 6. What is the units digit of p?
2
What is the units digit of (57/4)/(14/336)?
2
Let z = 29 - 14. What is the tens digit of z?
1
Let l(n) = 3 - 12*n - 2*n**2 + 14*n - 9*n + n**3. What is the tens digit of l(5)?
4
What is the tens digit of (-8)/(-20)*1175/10?
4
What is the units digit of (-60)/(-8) + (-2)/(-4)?
8
Let p(q) = 5*q**2 + 1. Let m be p(2). What is the units digit of (-5)/(35/(-12))*m?
6
Let x(d) = -5*d + 2*d + 4*d + 17. What is the tens digit of x(-7)?
1
Suppose 10 = 2*s, -m + 285 = 4*m - s. What is the tens digit of m?
5
Let b = -9 + 16. Let m = b - 5. What is the units digit of m?
2
Let f(j) = j**3 - 5*j**2 - 5*j + 3. Let w = -22 + 7. Let i = 21 + w. What is the units digit of f(i)?
9
Let y be (-1)/5 - (-1)/5. Let n(o) = o**2 + o + 2. Let p be n(y). Suppose -p*m - 6 + 14 = 0. What is the units digit of m?
4
Let o(k) = -k**2 - 7*k + 10. Let y be o(-10). Let z = y - -13. Let a = z + 17. What is the units digit of a?
0
Let z be 0/(6/(-3) - -1). Suppose 3*m - 4*r - 75 = 0, 5*r = -3*m - z*r + 75. What is the units digit of m?
5
Let f = 1 + 1. Suppose -s - f*s + 69 = 0. What is the tens digit of s?
2
Let l(t) = -t**2 - 6*t + 8. Let u be l(-6). Suppose -w - 3*w = -u. What is the units digit of w*(35/2)/5?
7
Suppose -28*r = -30*r + 100. What is the units digit of r?
0
Let l(s) be the second derivative of s**3/6 - 9*s**2/2 + s. Let x = 16 - 6. What is the units digit of l(x)?
1
Let w be ((-15)/(-10))/((-3)/(-4)). Let z(b) = 18 - b - 4 + w*b. What is the units digit of z(-11)?
3
Let n = -47 - -78. What is the tens digit of n?
3
Let d(h) = h**3 - 2*h**2 - 2*h - 3. Let l be d(3). Suppose -5*m + 2*y + 90 = -l*y, 2*m = 5*y + 57. What is the units digit of m?
6
Let m be (12/(-5))/((-2)/(-10)). What is the units digit of (m/15)/((-3)/15)?
4
Suppose 5*y = -2*n - 0*n + 58, y + 10 = 5*n. Suppose -1 = 4*t + v, 5*v = -15 - y. Let l = 2 - t. What is the units digit of l?
1
Let c = 13 - 10. Suppose c*z - 3*v - 48 = -0*v, -2*v + 10 = 0. What is the tens digit of z?
2
Sup